{"id":5311,"date":"2021-09-21T19:53:39","date_gmt":"2021-09-21T17:53:39","guid":{"rendered":"http:\/\/gotour.be\/multi\/voyageretho\/?page_id=5311"},"modified":"2025-09-02T16:01:11","modified_gmt":"2025-09-02T14:01:11","slug":"transport","status":"publish","type":"page","link":"https:\/\/gotour.be\/multi\/voyageretho\/transport\/","title":{"rendered":"Transport"},"content":{"rendered":"<p>[vc_row][vc_column][vc_column_text]<\/p>\r\n<p>Pour les s\u00e9jours \u00e0 Prague, Barcelone et\u00a0au nord de la\u00a0Croatie (Istrie-Venise-Slov\u00e9nie), nous privil\u00e9gions le voyage de nuit en car. Ce moyen de transport nous permet de r\u00e9duire le co\u00fbt du s\u00e9jour mais\u00a0apporte surtout plus de flexibilit\u00e9 et de convivialit\u00e9.<\/p>\r\n\r\n<p>Nous attachons une importance primordiale \u00e0 la qualit\u00e9 du transport.<br \/>Afin de garantir au mieux la s\u00e9curit\u00e9 du voyage, nous travaillons toujours avec les m\u00eames compagnies de cars. Les chauffeurs (exp\u00e9riment\u00e9s) nous connaissent et r\u00e9ciproquement. Ils connaissent \u00e9galement nos stations.<\/p>\r\n\r\n<p>Autocar tout confort<br \/>Vid\u00e9o, Toilettes<br \/>2 chauffeurs<br \/>Respect des normes de s\u00e9curit\u00e9<br \/>Respect du temps de pause des chauffeurs<\/p>\r\n\r\n<p>&nbsp;<\/p>\r\n<p>[\/vc_column_text][\/vc_column][\/vc_row]<\/p>","protected":false},"excerpt":{"rendered":"<p>[vc_row][vc_column][vc_column_text] Pour les s\u00e9jours \u00e0 Prague, Barcelone et\u00a0au nord de la\u00a0Croatie (Istrie-Venise-Slov\u00e9nie), nous privil\u00e9gions le voyage de nuit en car. Ce moyen de transport nous permet de r\u00e9duire le co\u00fbt du s\u00e9jour mais\u00a0apporte surtout plus de flexibilit\u00e9 et de convivialit\u00e9. [&hellip;]<\/p>\n","protected":false},"author":1,"featured_media":0,"parent":0,"menu_order":0,"comment_status":"closed","ping_status":"closed","template":"","meta":[],"_links":{"self":[{"href":"https:\/\/gotour.be\/multi\/voyageretho\/wp-json\/wp\/v2\/pages\/5311"}],"collection":[{"href":"https:\/\/gotour.be\/multi\/voyageretho\/wp-json\/wp\/v2\/pages"}],"about":[{"href":"https:\/\/gotour.be\/multi\/voyageretho\/wp-json\/wp\/v2\/types\/page"}],"author":[{"embeddable":true,"href":"https:\/\/gotour.be\/multi\/voyageretho\/wp-json\/wp\/v2\/users\/1"}],"replies":[{"embeddable":true,"href":"https:\/\/gotour.be\/multi\/voyageretho\/wp-json\/wp\/v2\/comments?post=5311"}],"version-history":[{"count":2,"href":"https:\/\/gotour.be\/multi\/voyageretho\/wp-json\/wp\/v2\/pages\/5311\/revisions"}],"predecessor-version":[{"id":5436,"href":"https:\/\/gotour.be\/multi\/voyageretho\/wp-json\/wp\/v2\/pages\/5311\/revisions\/5436"}],"wp:attachment":[{"href":"https:\/\/gotour.be\/multi\/voyageretho\/wp-json\/wp\/v2\/media?parent=5311"}],"curies":[{"name":"wp","href":"https:\/\/api.w.org\/{rel}","templated":true}]}}