{"id":9711,"date":"2025-12-29T14:00:01","date_gmt":"2025-12-29T13:00:01","guid":{"rendered":"https:\/\/gotour.be\/multi\/classedeneige\/?page_id=9711"},"modified":"2026-01-14T11:17:27","modified_gmt":"2026-01-14T10:17:27","slug":"destination-gressoney-saint-jean","status":"publish","type":"page","link":"https:\/\/gotour.be\/multi\/classedeneige\/destination-gressoney-saint-jean\/","title":{"rendered":"Destination Gressoney-Saint-Jean"},"content":{"rendered":"<p>[vc_row][vc_column][vc_column_text]<\/p>\n<h4><strong>Destination Gressoney-Saint-Jean (Vall\u00e9e d&rsquo;Aoste au pied du Mont Rose)<\/strong><\/h4>\n<p>Situ\u00e9 dans la vall\u00e9e du Lys, au c\u0153ur de la Vall\u00e9e d\u2019Aoste, <strong>Gressoney-Saint-Jean<\/strong> est un village de montagne \u00e0 1385 m\u00e8tres d\u2019altitude plein de charme, connu pour son ambiance paisible, son architecture traditionnelle et ses paysages alpins spectaculaires. Domin\u00e9 par le massif du <strong>Mont Rose<\/strong>, le village offre un cadre naturel exceptionnel[\/vc_column_text][vc_empty_space][\/vc_column][\/vc_row][vc_row][vc_column width=\u00a0\u00bb1\/3&Prime;][vc_single_image image=\u00a0\u00bb9715&Prime; img_size=\u00a0\u00bbfull\u00a0\u00bb][\/vc_column][vc_column width=\u00a0\u00bb1\/3&Prime;][vc_single_image image=\u00a0\u00bb9714&Prime; img_size=\u00a0\u00bbfull\u00a0\u00bb][\/vc_column][vc_column width=\u00a0\u00bb1\/3&Prime;][vc_single_image image=\u00a0\u00bb9713&Prime; img_size=\u00a0\u00bbfull\u00a0\u00bb][\/vc_column][\/vc_row]<\/p>\n","protected":false},"excerpt":{"rendered":"<p>[vc_row][vc_column][vc_column_text] Destination Gressoney-Saint-Jean (Vall\u00e9e d&rsquo;Aoste au pied du Mont Rose) Situ\u00e9 dans la vall\u00e9e du Lys, au c\u0153ur de la Vall\u00e9e d\u2019Aoste, Gressoney-Saint-Jean est un village de montagne \u00e0 1385 m\u00e8tres d\u2019altitude plein de charme, connu pour son ambiance paisible, [&hellip;]<\/p>\n","protected":false},"author":1,"featured_media":0,"parent":0,"menu_order":0,"comment_status":"closed","ping_status":"closed","template":"","meta":[],"_links":{"self":[{"href":"https:\/\/gotour.be\/multi\/classedeneige\/wp-json\/wp\/v2\/pages\/9711"}],"collection":[{"href":"https:\/\/gotour.be\/multi\/classedeneige\/wp-json\/wp\/v2\/pages"}],"about":[{"href":"https:\/\/gotour.be\/multi\/classedeneige\/wp-json\/wp\/v2\/types\/page"}],"author":[{"embeddable":true,"href":"https:\/\/gotour.be\/multi\/classedeneige\/wp-json\/wp\/v2\/users\/1"}],"replies":[{"embeddable":true,"href":"https:\/\/gotour.be\/multi\/classedeneige\/wp-json\/wp\/v2\/comments?post=9711"}],"version-history":[{"count":4,"href":"https:\/\/gotour.be\/multi\/classedeneige\/wp-json\/wp\/v2\/pages\/9711\/revisions"}],"predecessor-version":[{"id":9833,"href":"https:\/\/gotour.be\/multi\/classedeneige\/wp-json\/wp\/v2\/pages\/9711\/revisions\/9833"}],"wp:attachment":[{"href":"https:\/\/gotour.be\/multi\/classedeneige\/wp-json\/wp\/v2\/media?parent=9711"}],"curies":[{"name":"wp","href":"https:\/\/api.w.org\/{rel}","templated":true}]}}

<p>[vc_row][vc_column][vc_column_text]</p>
<h4><strong>Destination Gressoney-Saint-Jean (Vallée d&rsquo;Aoste au pied du Mont Rose)</strong></h4>
<p>Situé dans la vallée du Lys, au cœur de la Vallée d’Aoste, <strong>Gressoney-Saint-Jean</strong> est un village de montagne à 1385 mètres d’altitude plein de charme, connu pour son ambiance paisible, son architecture traditionnelle et ses paysages alpins spectaculaires. Dominé par le massif du <strong>Mont Rose</strong>, le village offre un cadre naturel exceptionnel[/vc_column_text][vc_empty_space][/vc_column][/vc_row][vc_row][vc_column width= »1/3&Prime;][vc_single_image image= »9715&Prime; img_size= »full »][/vc_column][vc_column width= »1/3&Prime;][vc_single_image image= »9714&Prime; img_size= »full »][/vc_column][vc_column width= »1/3&Prime;][vc_single_image image= »9713&Prime; img_size= »full »][/vc_column][/vc_row]</p>

<p>[vc_row][vc_column][vc_column_text] Destination Gressoney-Saint-Jean (Vallée d&rsquo;Aoste au pied du Mont Rose) Situé dans la vallée du Lys, au cœur de la Vallée d’Aoste, Gressoney-Saint-Jean est un village de montagne à 1385 mètres d’altitude plein de charme, connu pour son ambiance paisible, [&hellip;]</p>
