{"id":5316,"date":"2021-09-21T21:32:46","date_gmt":"2021-09-21T19:32:46","guid":{"rendered":"http:\/\/gotour.be\/multi\/classedeneige\/?page_id=5316"},"modified":"2025-09-02T15:57:43","modified_gmt":"2025-09-02T13:57:43","slug":"specificites","status":"publish","type":"page","link":"https:\/\/gotour.be\/multi\/classedeneige\/specificites\/","title":{"rendered":"Sp\u00e9cificit\u00e9s"},"content":{"rendered":"<p>[vc_row][vc_column][vc_column_text]<\/p>\r\n<p>&#8211; H\u00e9bergement r\u00e9serv\u00e9 en exclusivit\u00e9, \u00e0 proximit\u00e9 des pistes<\/p>\r\n\r\n<p>&#8211; Pr\u00e9sence d\u2019un accompagnateur (exp\u00e9riment\u00e9) sur place\u00a0<strong>en permanence<\/strong>\u00a0avec le groupe<\/p>\r\n\r\n<p>&#8211; Prix tout compris, pas de suppl\u00e9ment impr\u00e9vu sur place<\/p>\r\n\r\n<p>&#8211; Communication avec les parents via ce site web pendant le s\u00e9jour<\/p>\r\n\r\n<p>&#8211; Dossier p\u00e9dagogique complet<\/p>\r\n\r\n<p>&#8211; Pr\u00e9sentation du s\u00e9jour aux parents<\/p>\r\n\r\n<p>&#8211; Brevet et souvenir pour tous<\/p>\r\n\r\n<p>&#8211; Domaine peu fr\u00e9quent\u00e9 la semaine = s\u00e9curit\u00e9 et confort<\/p>\r\n\r\n<p>&#8211; Animation karaok\u00e9, soir\u00e9e dansante, balade nocturne<\/p>\r\n\r\n<p>&#8211; Carabines laser et tir \u00e0 l\u2019arc<\/p>\r\n\r\n<p>&#8211; Winter park\u00a0<\/p>\r\n\r\n<p>&#8211; Visite de mus\u00e9es, ferme p\u00e9dagogique, balade nature<\/p>\r\n\r\n<p>&#8211; Remise d\u2019une cl\u00e9 usb photos \u00e0 la fin du s\u00e9jour<\/p>\r\n\r\n<p>&#8211; Projection de photos et\u00a0films\u00a0sur grand \u00e9cran<\/p>\r\n\r\n<p>&#8211; &#8230;<\/p>\r\n\r\n<p>&nbsp;<\/p>\r\n<p>[\/vc_column_text][\/vc_column][\/vc_row]<\/p>","protected":false},"excerpt":{"rendered":"<p>[vc_row][vc_column][vc_column_text] &#8211; H\u00e9bergement r\u00e9serv\u00e9 en exclusivit\u00e9, \u00e0 proximit\u00e9 des pistes &#8211; Pr\u00e9sence d\u2019un accompagnateur (exp\u00e9riment\u00e9) sur place\u00a0en permanence\u00a0avec le groupe &#8211; Prix tout compris, pas de suppl\u00e9ment impr\u00e9vu sur place &#8211; Communication avec les parents via ce site web pendant [&hellip;]<\/p>\n","protected":false},"author":1,"featured_media":0,"parent":0,"menu_order":0,"comment_status":"closed","ping_status":"closed","template":"","meta":[],"_links":{"self":[{"href":"https:\/\/gotour.be\/multi\/classedeneige\/wp-json\/wp\/v2\/pages\/5316"}],"collection":[{"href":"https:\/\/gotour.be\/multi\/classedeneige\/wp-json\/wp\/v2\/pages"}],"about":[{"href":"https:\/\/gotour.be\/multi\/classedeneige\/wp-json\/wp\/v2\/types\/page"}],"author":[{"embeddable":true,"href":"https:\/\/gotour.be\/multi\/classedeneige\/wp-json\/wp\/v2\/users\/1"}],"replies":[{"embeddable":true,"href":"https:\/\/gotour.be\/multi\/classedeneige\/wp-json\/wp\/v2\/comments?post=5316"}],"version-history":[{"count":4,"href":"https:\/\/gotour.be\/multi\/classedeneige\/wp-json\/wp\/v2\/pages\/5316\/revisions"}],"predecessor-version":[{"id":9632,"href":"https:\/\/gotour.be\/multi\/classedeneige\/wp-json\/wp\/v2\/pages\/5316\/revisions\/9632"}],"wp:attachment":[{"href":"https:\/\/gotour.be\/multi\/classedeneige\/wp-json\/wp\/v2\/media?parent=5316"}],"curies":[{"name":"wp","href":"https:\/\/api.w.org\/{rel}","templated":true}]}}

Spécificités

<p>[vc_row][vc_column][vc_column_text]</p>
<p>&#8211; Hébergement réservé en exclusivité, à proximité des pistes</p>

<p>&#8211; Présence d’un accompagnateur (expérimenté) sur place <strong>en permanence</strong> avec le groupe</p>

<p>&#8211; Prix tout compris, pas de supplément imprévu sur place</p>

<p>&#8211; Communication avec les parents via ce site web pendant le séjour</p>

<p>&#8211; Dossier pédagogique complet</p>

<p>&#8211; Présentation du séjour aux parents</p>

<p>&#8211; Brevet et souvenir pour tous</p>

<p>&#8211; Domaine peu fréquenté la semaine = sécurité et confort</p>

<p>&#8211; Animation karaoké, soirée dansante, balade nocturne</p>

<p>&#8211; Carabines laser et tir à l’arc</p>

<p>&#8211; Winter park </p>

<p>&#8211; Visite de musées, ferme pédagogique, balade nature</p>

<p>&#8211; Remise d’une clé usb photos à la fin du séjour</p>

<p>&#8211; Projection de photos et films sur grand écran</p>

<p>&#8211; &#8230;</p>

<p>&nbsp;</p>
<p>[/vc_column_text][/vc_column][/vc_row]</p>

<p>[vc_row][vc_column][vc_column_text] &#8211; Hébergement réservé en exclusivité, à proximité des pistes &#8211; Présence d’un accompagnateur (expérimenté) sur place en permanence avec le groupe &#8211; Prix tout compris, pas de supplément imprévu sur place &#8211; Communication avec les parents via ce site web pendant [&hellip;]</p>
