{"id":5309,"date":"2021-09-21T21:30:49","date_gmt":"2021-09-21T19:30:49","guid":{"rendered":"http:\/\/gotour.be\/multi\/classedeneige\/?page_id=5309"},"modified":"2025-09-02T15:50:36","modified_gmt":"2025-09-02T13:50:36","slug":"transport","status":"publish","type":"page","link":"https:\/\/gotour.be\/multi\/classedeneige\/transport\/","title":{"rendered":"Transport"},"content":{"rendered":"<p>[vc_row][vc_column][vc_column_text]<\/p>\r\n<p>Nous attachons une importance primordiale \u00e0 la qualit\u00e9 du transport.<\/p>\r\n\r\n<p>Afin de garantir au mieux la s\u00e9curit\u00e9 du voyage, nous travaillons toujours avec les m\u00eames compagnies de cars. Les chauffeurs (exp\u00e9riment\u00e9s) nous connaissent et r\u00e9ciproquement. Ils connaissent \u00e9galement nos stations.<\/p>\r\n\r\n<p>&nbsp;<\/p>\r\n\r\n<ul>\r\n<li>Autocar tout confort<\/li>\r\n<li>Vid\u00e9o, Toilettes<\/li>\r\n<li>2 chauffeurs<\/li>\r\n<li>Respect des normes de s\u00e9curit\u00e9<\/li>\r\n<li>Respect du temps de pause des chauffeurs<\/li>\r\n<\/ul>\r\n\r\n<p>&nbsp;<\/p>\r\n<p>[\/vc_column_text][\/vc_column][\/vc_row][vc_row content_text_aligment=\u00a0\u00bbcenter\u00a0\u00bb][vc_column]<div class=\"qodef-image-gallery qodef-grid-list qodef-disable-bottom-space  qodef-ig-grid-type qodef-three-columns qodef-huge-space  \">\n\t<div class=\"qodef-ig-inner qodef-outer-space\">\n\t\t\t\t\t<div class=\"qodef-ig-image qodef-item-space\">\n\t\t\t\t<div class=\"qodef-ig-image-inner\">\n\t\t\t\t\t\t\t\t\t\t\t<img width=\"358\" height=\"268\" src=\"https:\/\/gotour.be\/multi\/classedeneige\/wp-content\/uploads\/sites\/4\/2021\/10\/trans1.png\" class=\"attachment-full size-full\" alt=\"\" decoding=\"async\" loading=\"lazy\" srcset=\"https:\/\/gotour.be\/multi\/classedeneige\/wp-content\/uploads\/sites\/4\/2021\/10\/trans1.png 358w, https:\/\/gotour.be\/multi\/classedeneige\/wp-content\/uploads\/sites\/4\/2021\/10\/trans1-300x225.png 300w\" sizes=\"(max-width: 358px) 100vw, 358px\" \/>\t\t\t\t\t\t\t\t\t<\/div>\n\t\t\t<\/div>\n\t\t\t\t\t<div class=\"qodef-ig-image qodef-item-space\">\n\t\t\t\t<div class=\"qodef-ig-image-inner\">\n\t\t\t\t\t\t\t\t\t\t\t<img width=\"358\" height=\"268\" src=\"https:\/\/gotour.be\/multi\/classedeneige\/wp-content\/uploads\/sites\/4\/2021\/10\/trans2.png\" class=\"attachment-full size-full\" alt=\"\" decoding=\"async\" loading=\"lazy\" srcset=\"https:\/\/gotour.be\/multi\/classedeneige\/wp-content\/uploads\/sites\/4\/2021\/10\/trans2.png 358w, https:\/\/gotour.be\/multi\/classedeneige\/wp-content\/uploads\/sites\/4\/2021\/10\/trans2-300x225.png 300w\" sizes=\"(max-width: 358px) 100vw, 358px\" \/>\t\t\t\t\t\t\t\t\t<\/div>\n\t\t\t<\/div>\n\t\t\t\t\t<div class=\"qodef-ig-image qodef-item-space\">\n\t\t\t\t<div class=\"qodef-ig-image-inner\">\n\t\t\t\t\t\t\t\t\t\t\t<img width=\"1400\" height=\"790\" src=\"https:\/\/gotour.be\/multi\/classedeneige\/wp-content\/uploads\/sites\/4\/2022\/08\/tx-montagne_20768682295f2aceb03875b-scaled-e1660900076918.jpeg\" class=\"attachment-full size-full\" alt=\"\" decoding=\"async\" loading=\"lazy\" srcset=\"https:\/\/gotour.be\/multi\/classedeneige\/wp-content\/uploads\/sites\/4\/2022\/08\/tx-montagne_20768682295f2aceb03875b-scaled-e1660900076918.jpeg 1400w, https:\/\/gotour.be\/multi\/classedeneige\/wp-content\/uploads\/sites\/4\/2022\/08\/tx-montagne_20768682295f2aceb03875b-scaled-e1660900076918-300x169.jpeg 300w, https:\/\/gotour.be\/multi\/classedeneige\/wp-content\/uploads\/sites\/4\/2022\/08\/tx-montagne_20768682295f2aceb03875b-scaled-e1660900076918-1024x578.jpeg 1024w, https:\/\/gotour.be\/multi\/classedeneige\/wp-content\/uploads\/sites\/4\/2022\/08\/tx-montagne_20768682295f2aceb03875b-scaled-e1660900076918-768x433.jpeg 768w, https:\/\/gotour.be\/multi\/classedeneige\/wp-content\/uploads\/sites\/4\/2022\/08\/tx-montagne_20768682295f2aceb03875b-scaled-e1660900076918-420x237.jpeg 420w, https:\/\/gotour.be\/multi\/classedeneige\/wp-content\/uploads\/sites\/4\/2022\/08\/tx-montagne_20768682295f2aceb03875b-scaled-e1660900076918-540x305.jpeg 540w, https:\/\/gotour.be\/multi\/classedeneige\/wp-content\/uploads\/sites\/4\/2022\/08\/tx-montagne_20768682295f2aceb03875b-scaled-e1660900076918-780x440.jpeg 780w\" sizes=\"(max-width: 1400px) 100vw, 1400px\" \/>\t\t\t\t\t\t\t\t\t<\/div>\n\t\t\t<\/div>\n\t\t\t<\/div>\n<\/div>[\/vc_column][\/vc_row]<\/p>","protected":false},"excerpt":{"rendered":"<p>[vc_row][vc_column][vc_column_text] Nous attachons une importance primordiale \u00e0 la qualit\u00e9 du transport. Afin de garantir au mieux la s\u00e9curit\u00e9 du voyage, nous travaillons toujours avec les m\u00eames compagnies de cars. Les chauffeurs (exp\u00e9riment\u00e9s) nous connaissent et r\u00e9ciproquement. Ils connaissent \u00e9galement nos [&hellip;]<\/p>\n","protected":false},"author":1,"featured_media":0,"parent":0,"menu_order":0,"comment_status":"closed","ping_status":"closed","template":"","meta":[],"_links":{"self":[{"href":"https:\/\/gotour.be\/multi\/classedeneige\/wp-json\/wp\/v2\/pages\/5309"}],"collection":[{"href":"https:\/\/gotour.be\/multi\/classedeneige\/wp-json\/wp\/v2\/pages"}],"about":[{"href":"https:\/\/gotour.be\/multi\/classedeneige\/wp-json\/wp\/v2\/types\/page"}],"author":[{"embeddable":true,"href":"https:\/\/gotour.be\/multi\/classedeneige\/wp-json\/wp\/v2\/users\/1"}],"replies":[{"embeddable":true,"href":"https:\/\/gotour.be\/multi\/classedeneige\/wp-json\/wp\/v2\/comments?post=5309"}],"version-history":[{"count":6,"href":"https:\/\/gotour.be\/multi\/classedeneige\/wp-json\/wp\/v2\/pages\/5309\/revisions"}],"predecessor-version":[{"id":9626,"href":"https:\/\/gotour.be\/multi\/classedeneige\/wp-json\/wp\/v2\/pages\/5309\/revisions\/9626"}],"wp:attachment":[{"href":"https:\/\/gotour.be\/multi\/classedeneige\/wp-json\/wp\/v2\/media?parent=5309"}],"curies":[{"name":"wp","href":"https:\/\/api.w.org\/{rel}","templated":true}]}}