{"id":5307,"date":"2021-09-21T21:29:40","date_gmt":"2021-09-21T19:29:40","guid":{"rendered":"http:\/\/gotour.be\/multi\/classedeneige\/?page_id=5307"},"modified":"2025-12-29T09:42:30","modified_gmt":"2025-12-29T08:42:30","slug":"activites-torgnon","status":"publish","type":"page","link":"https:\/\/gotour.be\/multi\/classedeneige\/activites-torgnon\/","title":{"rendered":"Activit\u00e9s \u00e0 Torgnon"},"content":{"rendered":"<p>[vc_row css=\u00a0\u00bb.vc_custom_1656498875505{padding-bottom: 40px !important;}\u00a0\u00bb][vc_column][vc_column_text]<\/p>\n<h4>Voici une liste des activit\u00e9s que nous proposons en dehors de l&rsquo;apprentissage du ski :<\/h4>\n<p>[\/vc_column_text][\/vc_column][\/vc_row][vc_row][vc_column][vc_toggle title=\u00a0\u00bbSouper dans un chalet avec acc\u00e8s en motoneige\u00a0\u00bb]<\/p>\n<p style=\"text-align: center;\">Plusieurs motoneiges emm\u00e8nent le groupe dans un chalet de montagne.Repas typique.<\/p>\n<p><img decoding=\"async\" loading=\"lazy\" class=\"size-medium wp-image-5652 aligncenter\" src=\"http:\/\/gotour.be\/multi\/classedeneige\/wp-content\/uploads\/sites\/4\/2022\/06\/escursione-motoslitta-25-300x200.jpeg\" alt=\"\" width=\"300\" height=\"200\" srcset=\"https:\/\/gotour.be\/multi\/classedeneige\/wp-content\/uploads\/sites\/4\/2022\/06\/escursione-motoslitta-25-300x200.jpeg 300w, https:\/\/gotour.be\/multi\/classedeneige\/wp-content\/uploads\/sites\/4\/2022\/06\/escursione-motoslitta-25-420x280.jpeg 420w, https:\/\/gotour.be\/multi\/classedeneige\/wp-content\/uploads\/sites\/4\/2022\/06\/escursione-motoslitta-25-540x360.jpeg 540w, https:\/\/gotour.be\/multi\/classedeneige\/wp-content\/uploads\/sites\/4\/2022\/06\/escursione-motoslitta-25.jpeg 728w\" sizes=\"(max-width: 300px) 100vw, 300px\" \/>[\/vc_toggle][vc_toggle title=\u00a0\u00bbVisite du Mus\u00e9e du Petit Monde\u00a0\u00bb]<\/p>\n<p style=\"text-align: center;\">Les trois\u00a0<strong>villages de Triatel, Etirol et Ronc<\/strong> forment le territoire connu sous le nom de Petit-Monde inclut, qui ont su conserver l\u2019aspect typique du paysage montagnard habit\u00e9. Le village de Triatel abrite un \u00e9comus\u00e9e int\u00e9ressant qui se trouve dans des b\u00e2timents issus de la tradition architecturale rurale.<\/p>\n<p><img decoding=\"async\" loading=\"lazy\" class=\"size-medium wp-image-5649 aligncenter\" src=\"http:\/\/gotour.be\/multi\/classedeneige\/wp-content\/uploads\/sites\/4\/2022\/06\/76041-300x221.jpeg\" alt=\"\" width=\"300\" height=\"221\" srcset=\"https:\/\/gotour.be\/multi\/classedeneige\/wp-content\/uploads\/sites\/4\/2022\/06\/76041-300x221.jpeg 300w, https:\/\/gotour.be\/multi\/classedeneige\/wp-content\/uploads\/sites\/4\/2022\/06\/76041.jpeg 397w\" sizes=\"(max-width: 300px) 100vw, 300px\" \/>[\/vc_toggle][vc_toggle title=\u00a0\u00bbCarabines laser et tir \u00e0 l\u2019arc\u00a0\u00bb]<\/p>\n<p style=\"text-align: center;\">Les enfants pourront notamment tirer avec des carabines laser.(absolument sans danger!)<\/p>\n<p><img decoding=\"async\" loading=\"lazy\" class=\"size-medium wp-image-5358 aligncenter\" src=\"http:\/\/gotour.be\/multi\/classedeneige\/wp-content\/uploads\/sites\/4\/2021\/09\/CDN-46-300x225.jpeg\" alt=\"\" width=\"300\" height=\"225\" srcset=\"https:\/\/gotour.be\/multi\/classedeneige\/wp-content\/uploads\/sites\/4\/2021\/09\/CDN-46-300x225.jpeg 300w, https:\/\/gotour.be\/multi\/classedeneige\/wp-content\/uploads\/sites\/4\/2021\/09\/CDN-46-768x576.jpeg 768w, https:\/\/gotour.be\/multi\/classedeneige\/wp-content\/uploads\/sites\/4\/2021\/09\/CDN-46.jpeg 1024w\" sizes=\"(max-width: 300px) 100vw, 300px\" \/>[\/vc_toggle][vc_toggle title=\u00a0\u00bbBalade dans la montagne\u00a0\u00bb]<\/p>\n<p style=\"text-align: center;\">De nombreuses randonn\u00e9es sont disponibles afin d&rsquo;occuper les journ\u00e9es et de profiter de la neige<\/p>\n<p><img decoding=\"async\" loading=\"lazy\" class=\"size-medium wp-image-5361 aligncenter\" src=\"http:\/\/gotour.be\/multi\/classedeneige\/wp-content\/uploads\/sites\/4\/2021\/09\/torgnon-2010-017-300x169.jpeg\" alt=\"\" width=\"300\" height=\"169\" srcset=\"https:\/\/gotour.be\/multi\/classedeneige\/wp-content\/uploads\/sites\/4\/2021\/09\/torgnon-2010-017-300x169.jpeg 300w, https:\/\/gotour.be\/multi\/classedeneige\/wp-content\/uploads\/sites\/4\/2021\/09\/torgnon-2010-017-1024x576.jpeg 1024w, https:\/\/gotour.be\/multi\/classedeneige\/wp-content\/uploads\/sites\/4\/2021\/09\/torgnon-2010-017-768x432.jpeg 768w, https:\/\/gotour.be\/multi\/classedeneige\/wp-content\/uploads\/sites\/4\/2021\/09\/torgnon-2010-017-1536x864.jpeg 1536w, https:\/\/gotour.be\/multi\/classedeneige\/wp-content\/uploads\/sites\/4\/2021\/09\/torgnon-2010-017.jpeg 1920w\" sizes=\"(max-width: 300px) 100vw, 300px\" \/>[\/vc_toggle][vc_toggle title=\u00a0\u00bbWinter Park\u00a0\u00bb]<\/p>\n<p style=\"text-align: center;\"><img decoding=\"async\" loading=\"lazy\" class=\"alignnone size-medium wp-image-5650\" src=\"http:\/\/gotour.be\/multi\/classedeneige\/wp-content\/uploads\/sites\/4\/2022\/06\/100231-300x221.jpeg\" alt=\"\" width=\"300\" height=\"221\" srcset=\"https:\/\/gotour.be\/multi\/classedeneige\/wp-content\/uploads\/sites\/4\/2022\/06\/100231-300x221.jpeg 300w, https:\/\/gotour.be\/multi\/classedeneige\/wp-content\/uploads\/sites\/4\/2022\/06\/100231.jpeg 397w\" sizes=\"(max-width: 300px) 100vw, 300px\" \/><\/p>\n<p>[\/vc_toggle][vc_toggle title=\u00a0\u00bbVisite d\u2019une ferme p\u00e9dagogique et d\u2019une fromagerie\u00a0\u00bb]<\/p>\n<p style=\"text-align: center;\">Les enfants fabriquent leur propre fromage et vont voir les animaux de la ferme.<\/p>\n<p>[\/vc_toggle][vc_toggle title=\u00a0\u00bbVisite du Fort de Bard\u00a0\u00bb]<\/p>\n<p style=\"text-align: center;\">Le fort a \u00e9t\u00e9 r\u00e9am\u00e9nag\u00e9 en espaces didactiques sur le th\u00e8me des Alpes.Superbe mus\u00e9e\u00a0<a href=\"http:\/\/www.fortedibard.it\/fr\/\">www.fortedibard.it\/fr\/<\/a><\/p>\n<p><img decoding=\"async\" loading=\"lazy\" class=\"size-medium wp-image-5642 aligncenter\" src=\"http:\/\/gotour.be\/multi\/classedeneige\/wp-content\/uploads\/sites\/4\/2022\/06\/55497-300x221.jpeg\" alt=\"\" width=\"300\" height=\"221\" srcset=\"https:\/\/gotour.be\/multi\/classedeneige\/wp-content\/uploads\/sites\/4\/2022\/06\/55497-300x221.jpeg 300w, https:\/\/gotour.be\/multi\/classedeneige\/wp-content\/uploads\/sites\/4\/2022\/06\/55497.jpeg 397w\" sizes=\"(max-width: 300px) 100vw, 300px\" \/><\/p>\n<p>[\/vc_toggle][vc_toggle title=\u00a0\u00bbJeux dans la neige\u00a0\u00bb][\/vc_toggle][vc_toggle title=\u00a0\u00bbD\u00e9couverte de la ville d&rsquo;Aoste\u00a0\u00bb]<img decoding=\"async\" loading=\"lazy\" class=\"alignnone size-medium wp-image-9708\" src=\"http:\/\/gotour.be\/multi\/classedeneige\/wp-content\/uploads\/sites\/4\/2025\/12\/visite-aoste-300x231.jpg\" alt=\"\" width=\"300\" height=\"231\" srcset=\"https:\/\/gotour.be\/multi\/classedeneige\/wp-content\/uploads\/sites\/4\/2025\/12\/visite-aoste-300x231.jpg 300w, https:\/\/gotour.be\/multi\/classedeneige\/wp-content\/uploads\/sites\/4\/2025\/12\/visite-aoste-420x323.jpg 420w, https:\/\/gotour.be\/multi\/classedeneige\/wp-content\/uploads\/sites\/4\/2025\/12\/visite-aoste-540x415.jpg 540w, https:\/\/gotour.be\/multi\/classedeneige\/wp-content\/uploads\/sites\/4\/2025\/12\/visite-aoste.jpg 563w\" sizes=\"(max-width: 300px) 100vw, 300px\" \/>[\/vc_toggle][vc_toggle title=\u00a0\u00bbBalade nocturne\u00a0\u00bb]<img decoding=\"async\" loading=\"lazy\" class=\"alignnone size-medium wp-image-9706\" src=\"http:\/\/gotour.be\/multi\/classedeneige\/wp-content\/uploads\/sites\/4\/2025\/12\/balade-nocturne-300x230.png\" alt=\"\" width=\"300\" height=\"230\" srcset=\"https:\/\/gotour.be\/multi\/classedeneige\/wp-content\/uploads\/sites\/4\/2025\/12\/balade-nocturne-300x230.png 300w, https:\/\/gotour.be\/multi\/classedeneige\/wp-content\/uploads\/sites\/4\/2025\/12\/balade-nocturne-420x322.png 420w, https:\/\/gotour.be\/multi\/classedeneige\/wp-content\/uploads\/sites\/4\/2025\/12\/balade-nocturne.png 499w\" sizes=\"(max-width: 300px) 100vw, 300px\" \/>[\/vc_toggle][\/vc_column][\/vc_row]<\/p>\n","protected":false},"excerpt":{"rendered":"<p>[vc_row css=\u00a0\u00bb.vc_custom_1656498875505{padding-bottom: 40px !important;}\u00a0\u00bb][vc_column][vc_column_text] Voici une liste des activit\u00e9s que nous proposons en dehors de l&rsquo;apprentissage du ski : [\/vc_column_text][\/vc_column][\/vc_row][vc_row][vc_column][vc_toggle title=\u00a0\u00bbSouper dans un chalet avec acc\u00e8s en motoneige\u00a0\u00bb] Plusieurs motoneiges emm\u00e8nent le groupe dans un chalet de montagne.Repas typique. [\/vc_toggle][vc_toggle [&hellip;]<\/p>\n","protected":false},"author":1,"featured_media":0,"parent":0,"menu_order":0,"comment_status":"closed","ping_status":"closed","template":"","meta":[],"_links":{"self":[{"href":"https:\/\/gotour.be\/multi\/classedeneige\/wp-json\/wp\/v2\/pages\/5307"}],"collection":[{"href":"https:\/\/gotour.be\/multi\/classedeneige\/wp-json\/wp\/v2\/pages"}],"about":[{"href":"https:\/\/gotour.be\/multi\/classedeneige\/wp-json\/wp\/v2\/types\/page"}],"author":[{"embeddable":true,"href":"https:\/\/gotour.be\/multi\/classedeneige\/wp-json\/wp\/v2\/users\/1"}],"replies":[{"embeddable":true,"href":"https:\/\/gotour.be\/multi\/classedeneige\/wp-json\/wp\/v2\/comments?post=5307"}],"version-history":[{"count":15,"href":"https:\/\/gotour.be\/multi\/classedeneige\/wp-json\/wp\/v2\/pages\/5307\/revisions"}],"predecessor-version":[{"id":9709,"href":"https:\/\/gotour.be\/multi\/classedeneige\/wp-json\/wp\/v2\/pages\/5307\/revisions\/9709"}],"wp:attachment":[{"href":"https:\/\/gotour.be\/multi\/classedeneige\/wp-json\/wp\/v2\/media?parent=5307"}],"curies":[{"name":"wp","href":"https:\/\/api.w.org\/{rel}","templated":true}]}}

Activités à Torgnon

<p>[vc_row css= ».vc_custom_1656498875505{padding-bottom: 40px !important;} »][vc_column][vc_column_text]</p>
<h4>Voici une liste des activités que nous proposons en dehors de l&rsquo;apprentissage du ski :</h4>
<p>[/vc_column_text][/vc_column][/vc_row][vc_row][vc_column][vc_toggle title= »Souper dans un chalet avec accès en motoneige »]</p>
<p style="text-align: center;">Plusieurs motoneiges emmènent le groupe dans un chalet de montagne.Repas typique.</p>
<p><img decoding="async" loading="lazy" class="size-medium wp-image-5652 aligncenter" src="http://gotour.be/multi/classedeneige/wp-content/uploads/sites/4/2022/06/escursione-motoslitta-25-300x200.jpeg" alt="" width="300" height="200" srcset="https://gotour.be/multi/classedeneige/wp-content/uploads/sites/4/2022/06/escursione-motoslitta-25-300x200.jpeg 300w, https://gotour.be/multi/classedeneige/wp-content/uploads/sites/4/2022/06/escursione-motoslitta-25-420x280.jpeg 420w, https://gotour.be/multi/classedeneige/wp-content/uploads/sites/4/2022/06/escursione-motoslitta-25-540x360.jpeg 540w, https://gotour.be/multi/classedeneige/wp-content/uploads/sites/4/2022/06/escursione-motoslitta-25.jpeg 728w" sizes="(max-width: 300px) 100vw, 300px" />[/vc_toggle][vc_toggle title= »Visite du Musée du Petit Monde »]</p>
<p style="text-align: center;">Les trois <strong>villages de Triatel, Etirol et Ronc</strong> forment le territoire connu sous le nom de Petit-Monde inclut, qui ont su conserver l’aspect typique du paysage montagnard habité. Le village de Triatel abrite un écomusée intéressant qui se trouve dans des bâtiments issus de la tradition architecturale rurale.</p>
<p><img decoding="async" loading="lazy" class="size-medium wp-image-5649 aligncenter" src="http://gotour.be/multi/classedeneige/wp-content/uploads/sites/4/2022/06/76041-300x221.jpeg" alt="" width="300" height="221" srcset="https://gotour.be/multi/classedeneige/wp-content/uploads/sites/4/2022/06/76041-300x221.jpeg 300w, https://gotour.be/multi/classedeneige/wp-content/uploads/sites/4/2022/06/76041.jpeg 397w" sizes="(max-width: 300px) 100vw, 300px" />[/vc_toggle][vc_toggle title= »Carabines laser et tir à l’arc »]</p>
<p style="text-align: center;">Les enfants pourront notamment tirer avec des carabines laser.(absolument sans danger!)</p>
<p><img decoding="async" loading="lazy" class="size-medium wp-image-5358 aligncenter" src="http://gotour.be/multi/classedeneige/wp-content/uploads/sites/4/2021/09/CDN-46-300x225.jpeg" alt="" width="300" height="225" srcset="https://gotour.be/multi/classedeneige/wp-content/uploads/sites/4/2021/09/CDN-46-300x225.jpeg 300w, https://gotour.be/multi/classedeneige/wp-content/uploads/sites/4/2021/09/CDN-46-768x576.jpeg 768w, https://gotour.be/multi/classedeneige/wp-content/uploads/sites/4/2021/09/CDN-46.jpeg 1024w" sizes="(max-width: 300px) 100vw, 300px" />[/vc_toggle][vc_toggle title= »Balade dans la montagne »]</p>
<p style="text-align: center;">De nombreuses randonnées sont disponibles afin d&rsquo;occuper les journées et de profiter de la neige</p>
<p><img decoding="async" loading="lazy" class="size-medium wp-image-5361 aligncenter" src="http://gotour.be/multi/classedeneige/wp-content/uploads/sites/4/2021/09/torgnon-2010-017-300x169.jpeg" alt="" width="300" height="169" srcset="https://gotour.be/multi/classedeneige/wp-content/uploads/sites/4/2021/09/torgnon-2010-017-300x169.jpeg 300w, https://gotour.be/multi/classedeneige/wp-content/uploads/sites/4/2021/09/torgnon-2010-017-1024x576.jpeg 1024w, https://gotour.be/multi/classedeneige/wp-content/uploads/sites/4/2021/09/torgnon-2010-017-768x432.jpeg 768w, https://gotour.be/multi/classedeneige/wp-content/uploads/sites/4/2021/09/torgnon-2010-017-1536x864.jpeg 1536w, https://gotour.be/multi/classedeneige/wp-content/uploads/sites/4/2021/09/torgnon-2010-017.jpeg 1920w" sizes="(max-width: 300px) 100vw, 300px" />[/vc_toggle][vc_toggle title= »Winter Park »]</p>
<p style="text-align: center;"><img decoding="async" loading="lazy" class="alignnone size-medium wp-image-5650" src="http://gotour.be/multi/classedeneige/wp-content/uploads/sites/4/2022/06/100231-300x221.jpeg" alt="" width="300" height="221" srcset="https://gotour.be/multi/classedeneige/wp-content/uploads/sites/4/2022/06/100231-300x221.jpeg 300w, https://gotour.be/multi/classedeneige/wp-content/uploads/sites/4/2022/06/100231.jpeg 397w" sizes="(max-width: 300px) 100vw, 300px" /></p>
<p>[/vc_toggle][vc_toggle title= »Visite d’une ferme pédagogique et d’une fromagerie »]</p>
<p style="text-align: center;">Les enfants fabriquent leur propre fromage et vont voir les animaux de la ferme.</p>
<p>[/vc_toggle][vc_toggle title= »Visite du Fort de Bard »]</p>
<p style="text-align: center;">Le fort a été réaménagé en espaces didactiques sur le thème des Alpes.Superbe musée <a href="http://www.fortedibard.it/fr/">www.fortedibard.it/fr/</a></p>
<p><img decoding="async" loading="lazy" class="size-medium wp-image-5642 aligncenter" src="http://gotour.be/multi/classedeneige/wp-content/uploads/sites/4/2022/06/55497-300x221.jpeg" alt="" width="300" height="221" srcset="https://gotour.be/multi/classedeneige/wp-content/uploads/sites/4/2022/06/55497-300x221.jpeg 300w, https://gotour.be/multi/classedeneige/wp-content/uploads/sites/4/2022/06/55497.jpeg 397w" sizes="(max-width: 300px) 100vw, 300px" /></p>
<p>[/vc_toggle][vc_toggle title= »Jeux dans la neige »][/vc_toggle][vc_toggle title= »Découverte de la ville d&rsquo;Aoste »]<img decoding="async" loading="lazy" class="alignnone size-medium wp-image-9708" src="http://gotour.be/multi/classedeneige/wp-content/uploads/sites/4/2025/12/visite-aoste-300x231.jpg" alt="" width="300" height="231" srcset="https://gotour.be/multi/classedeneige/wp-content/uploads/sites/4/2025/12/visite-aoste-300x231.jpg 300w, https://gotour.be/multi/classedeneige/wp-content/uploads/sites/4/2025/12/visite-aoste-420x323.jpg 420w, https://gotour.be/multi/classedeneige/wp-content/uploads/sites/4/2025/12/visite-aoste-540x415.jpg 540w, https://gotour.be/multi/classedeneige/wp-content/uploads/sites/4/2025/12/visite-aoste.jpg 563w" sizes="(max-width: 300px) 100vw, 300px" />[/vc_toggle][vc_toggle title= »Balade nocturne »]<img decoding="async" loading="lazy" class="alignnone size-medium wp-image-9706" src="http://gotour.be/multi/classedeneige/wp-content/uploads/sites/4/2025/12/balade-nocturne-300x230.png" alt="" width="300" height="230" srcset="https://gotour.be/multi/classedeneige/wp-content/uploads/sites/4/2025/12/balade-nocturne-300x230.png 300w, https://gotour.be/multi/classedeneige/wp-content/uploads/sites/4/2025/12/balade-nocturne-420x322.png 420w, https://gotour.be/multi/classedeneige/wp-content/uploads/sites/4/2025/12/balade-nocturne.png 499w" sizes="(max-width: 300px) 100vw, 300px" />[/vc_toggle][/vc_column][/vc_row]</p>

<p>[vc_row css= ».vc_custom_1656498875505{padding-bottom: 40px !important;} »][vc_column][vc_column_text] Voici une liste des activités que nous proposons en dehors de l&rsquo;apprentissage du ski : [/vc_column_text][/vc_column][/vc_row][vc_row][vc_column][vc_toggle title= »Souper dans un chalet avec accès en motoneige »] Plusieurs motoneiges emmènent le groupe dans un chalet de montagne.Repas typique. [/vc_toggle][vc_toggle [&hellip;]</p>
